 to base 4
13003
What is -100001 (base 2) in base 8?
-41
10808 (base 12) to base 9
33028
What is -430 (base 9) in base 13?
-210
Convert 14210 (base 5) to base 4.
102130
Convert -145 (base 12) to base 16.
-c5
What is -34342 (base 6) in base 8?
-11426
Convert 1344 (base 7) to base 4.
20022
What is 1122111 (base 3) in base 7?
3334
b4 (base 13) to base 2
10010011
-110001 (base 2) to base 16
-31
3a32 (base 11) to base 9
7160
What is 474 (base 12) in base 10?
664
What is 422144 (base 5) in base 15?
4269
Convert -201 (base 15) to base 8.
-703
-643 (base 12) to base 16
-393
35bb2 (base 12) to base 5
4310231
Convert -387c (base 13) to base 14.
-2d0a
Convert 132020 (base 4) to base 11.
14a3
Convert -1577 (base 8) to base 11.
-744
What is -2200200 (base 3) in base 4?
-132222
Convert -10011001010001 (base 2) to base 6.
-113225
Convert 4033 (base 5) to base 6.
2222
Convert 5d9 (base 16) to base 4.
113121
Convert -6599 (base 12) to base 2.
-10101111000101
Convert 53c (base 14) to base 15.
48e
11000100000110 (base 2) to base 4
3010012
337 (base 8) to base 15
ed
What is -1a13a (base 11) in base 14?
-a363
-708 (base 9) to base 6
-2355
Convert 100440 (base 7) to base 2.
100001010000111
-14035 (base 6) to base 12
-131b
Convert -3420 (base 5) to base 6.
-2125
151 (base 14) to base 7
531
Convert -83ab (base 14) to base 12.
-1116b
1096b (base 15) to base 6
1044115
What is -1082 (base 14) in base 16?
-b2a
What is 111054 (base 8) in base 14?
d8cc
Convert -18b8 (base 12) to base 11.
-22a6
Convert -501 (base 13) to base 8.
-1516
What is -73454 (base 8) in base 2?
-111011100101100
-831 (base 10) to base 5
-11311
-211302 (base 4) to base 13
-1140
10c4 (base 14) to base 2
101101100100
What is 1859 (base 12) in base 11?
2241
-120c (base 15) to base 11
-2979
674 (base 11) to base 12
573
Convert 12011 (base 5) to base 15.
3db
What is 89 (base 12) in base 9?
126
Convert 111110001 (base 2) to base 8.
761
What is -351 (base 11) in base 12?
-2ab
Convert -1922 (base 15) to base 4.
-1110320
What is -37311 (base 8) in base 5?
-1003243
Convert -5a5 (base 16) to base 10.
-1445
What is -733 (base 9) in base 4?
-21111
-152532 (base 7) to base 8
-72106
Convert -21231 (base 8) to base 5.
-240412
Convert 3754 (base 11) to base 9.
6643
36c (base 15) to base 16
309
4857 (base 16) to base 8
44127
eaa (base 16) to base 5
110004
-101d (base 14) to base 10
-2771
504c (base 14) to base 13
6378
What is -11201200102 (base 3) in base 8?
-265630
Convert 2355 (base 6) to base 9.
708
What is 6240 (base 8) in base 10?
3232
1597 (base 12) to base 3
10111221
-d4 (base 14) to base 7
-354
Convert 10147 (base 8) to base 9.
5675
153254 (base 6) to base 14
5682
Convert 223 (base 6) to base 4.
1113
What is -401003 (base 5) in base 13?
-5995
What is -4e1 (base 16) in base 15?
-584
6cd1 (base 15) to base 12
1148a
Convert 20310 (base 6) to base 15.
c06
Convert 26202 (base 7) to base 9.
10483
-2b60 (base 16) to base 13
-5092
What is -4582 (base 9) in base 7?
-12620
Convert -12614 (base 7) to base 14.
-1344
-376 (base 14) to base 13
-413
3020423 (base 5) to base 12
23aba
What is 100123 (base 4) in base 7?
3031
What is -23131 (base 7) in base 12?
-34ba
Convert -601 (base 8) to base 4.
-12001
Convert 423a (base 12) to base 6.
53314
What is 21736 (base 8) in base 15?
2ac2
-1a1 (base 15) to base 4
-11320
Convert 1078 (base 16) to base 4.
1001320
What is -1642 (base 9) in base 4?
-103211
Convert 7b (base 14) to base 10.
109
6055 (base 8) to base 12
1979
-4287 (base 12) to base 4
-1302013
What is 11342 (base 5) in base 13?
502
-a71 (base 12) to base 11
-1167
Convert 21d (base 15) to base 9.
581
359a (base 14) to base 5
244343
Convert -1402 (base 6) to base 15.
-192
What is 10031 (base 5) in base 6?
2545
What is 1263 (base 13) in base 5?
40431
What is 32 (base 6) in base 4?
110
Convert -30c1 (base 14) to base 12.
-4a41
15019 (base 10) to base 15
46b4
-355 (base 9) to base 5
-2133
-3742 (base 8) to base 5
-31033
What is -1211010 (base 3) in base 7?
-3603
1ea1 (base 15) to base 16
1a14
What is -451145 (base 6) in base 9?
-56842
What is -212 (base 3) in base 12?
-1b
Convert -111000000110100 (base 2) to base 7.
-146513
-31312 (base 4) to base 5
-12021
-3460 (base 9) to base 10
-2565
2410 (base 15) to base 12
4529
What is -3022000 (base 4) in base 5?
-403203
What is 18f (base 16) in base 4?
12033
2140 (base 8) to base 5
13440
Convert 2222121 (base 3) to base 2.
100010000000
-4b8 (base 16) to base 5
-14313
11324 (base 6) to base 12
b44
Convert -b070 (base 13) to base 15.
-72c3
What is -8503 (base 9) in base 13?
-2ac0
What is -9920 (base 10) in base 8?
-23300
What is 398d (base 16) in base 3?
202012200
What is 6a9e (base 16) in base 5?
1333134
What is f09a (base 16) in base 6?
1153054
1716 (base 8) to base 2
1111001110
What is 100001010100110 (base 2) in base 3?
212101221
What is -2031 (base 5) in base 9?
-325
Convert -22616 (base 9) to base 3.
-202200120
24431 (base 7) to base 9
8682
Convert -1344 (base 11) to base 6.
-12022
-1065 (base 8) to base 16
-235
What is -1487 (base 14) in base 8?
-7077
-1201221 (base 3) to base 15
-597
669 (base 12) to base 9
1260
Convert 16212 (base 7) to base 2.
1000111010110
Convert -11011100110001 (base 2) to base 4.
-3130301
Convert -20232 (base 4) to base 12.
-3a6
53446 (base 7) to base 10
13264
476 (base 8) to base 10
318
Convert -1092 (base 11) to base 2.
-10110011000
What is -186 (base 9) in base 4?
-2133
9254 (base 12) to base 4
3320200
What is 3131 (base 8) in base 14?
841
What is 20352 (base 6) in base 2?
101010101100
Convert -350 (base 11) to base 3.
-120111
-a7d (base 14) to base 6
-13331
Convert 101100110101 (base 2) to base 16.
b35
What is -5210 (base 7) in base 15?
-815
1429 (base 12) to base 15
a5c
1719 (base 11) to base 13
1001
-693 (base 12) to base 8
-1717
Convert 6650 (base 11) to base 6.
104331
-210100100 (base 3) to base 10
-15561
-1011110101 (base 2) to base 12
-531
What is -2140 (base 9) in base 6?
-11143
-72a4 (base 13) to base 6
-201215
What is -13002 (base 4) in base 15?
-200
Convert 231300 (base 4) to base 6.
21320
6758 (base 10) to base 11
5094
9653 (base 10) to base 14
3737
What is 5365 (base 8) in base 16?
af5
dc3 (base 14) to base 11
2052
13303 (base 5) to base 3
1110221
What is -3a0 (base 13) in base 7?
-1600
What is -27426 (base 8) in base 5?
-341204
-121011 (base 3) to base 11
-367
-2581 (base 14) to base 12
-3985
-201 (base 13) to base 9
-416
Convert -220 (base 12) to base 16.
-138
126437 (base 9) to base 2
10010110001100111
2d1 (base 14) to base 10
575
-3232 (base 4) to base 3
-22211
What is -5907 (base 15) in base 8?
-44733
240 (base 12) to base 6
1320
1011011110 (base 2) to base 8
1336
What is 3607 (base 8) in base 5?
30202
1101010100000 (base 2) to base 8
15240
What is 40611 (base 9) in base 6?
323444
Convert 2021011 (base 3) to base 15.
751
Convert 13020 (base 4) to base 11.
385
Convert -845 (base 9) to base 14.
-373
220002 (base 3) to base 14
346
Convert 266 (base 10) to base 13.
176
Convert 15bb (base 12) to base 7.
10361
Convert -103102 (base 5) to base 11.
-2717
What is -46071 (base 8) in base 14?
-717b
Convert -11580 (base 9) to base 3.
-101122200
9063 (base 12) to base 16
3d0b
Convert 13111 (base 11) to base 7.
105500
What is 856 (base 12) in base 7?
3360
What is 312000 (base 5) in base 16?
280a
-95b9 (base 15) to base 2
-111101110111010
Convert -2066 (base 7) to base 16.
-2de
1a5 (base 12) to base 14
153
1050 (base 10) to base 8
2032
Convert 352 (base 10) to base 6.
1344
What is 4e (base 15) in base 9?
82
Convert -4caf (base 16) to base 15.
-5c3b
2202210 (base 3) to base 10
2019
What is -326 (base 7) in base 3?
-20012
Convert -6656 (base 11) to base 13.
-3cbb
52430 (base 6) to base 9
10630
Convert -112211010 (base 3) to base 16.
-2a33
Convert 31652 (base 7) to base 4.
1323011
Convert -102111222 (base 3) to base 5.
-232041
What is -1110212202 (base 3) in base 11?
-1a92a
Convert -14831 (base 10) to base 13.
-699b
What is 56 (base 15) in base 3?
10000
225 (base 16) to base 9
670
Convert c14 (base 13) to base 4.
133331
Convert 10000100010 (base 2) to base 12.
742
11663 (base 9) to base 4
1322121
-d44 (base 16) to base 3
-11122210
Convert 1b38 (base 13) to base 9.
5558
-1812 (base 12) to base 16
-b4e
-103236 (base 8) to base 10
-34462
12570 (base 8) to